e 12, what is -6 - -1607b?
16075
In base 8, what is 1413 + 345?
1760
In base 10, what is 1412 + 11?
1423
In base 15, what is 47 - 292?
-24a
In base 6, what is 33 + -21300?
-21223
In base 6, what is -4110 - -12?
-4054
In base 13, what is 702 - 87?
648
In base 8, what is -150543 + -3?
-150546
In base 3, what is -11210 + -101012?
-112222
In base 6, what is 4 + -511312?
-511304
In base 7, what is -14436145 - 5?
-14436153
In base 15, what is 1 + 4089?
408a
In base 5, what is -4 - 11133234?
-11133243
In base 2, what is -10001 + 101010010?
101000001
In base 7, what is 452 + 11626?
12411
In base 11, what is -a0876 - 4?
-a087a
In base 7, what is 162 - 60101?
-56606
In base 9, what is -36 - 11656?
-11703
In base 5, what is 43200 + -1241?
41404
In base 12, what is -13170 + -5?
-13175
In base 7, what is -1104 - -1?
-1103
In base 10, what is -31 + -30678?
-30709
In base 16, what is -4fc1f + -2?
-4fc21
In base 5, what is -31 + 4114?
4033
In base 3, what is 22010 - 1120001?
-1020221
In base 12, what is 3091 - -3?
3094
In base 14, what is a36 - -1b?
a53
In base 12, what is -8 - 2466?
-2472
In base 5, what is -1001112 + 1100?
-1000012
In base 12, what is 1272 - -1016?
2288
In base 3, what is -201120211020 + -11?
-201120211101
In base 11, what is -1 - 18617?
-18618
In base 3, what is 102001102 - -12?
102001121
In base 16, what is 7a6c + 14?
7a80
In base 2, what is -100 - 100101111101110?
-100101111110010
In base 11, what is -219a15 + 1?
-219a14
In base 4, what is 0 - -22231022?
22231022
In base 14, what is -24c + -836?
-a84
In base 3, what is -1002202 + -1022122?
-2102101
In base 11, what is -4 - 5443?
-5447
In base 4, what is 10102010 - -110?
10102120
In base 4, what is -2212313102 + 0?
-2212313102
In base 11, what is 217024 - -9?
217032
In base 14, what is -5 - 43094?
-43099
In base 6, what is -31 + 5535?
5504
In base 10, what is -4 + -39280?
-39284
In base 8, what is 3227 + 2063?
5312
In base 16, what is -66 + ad9d?
ad37
In base 8, what is 530066 + -1?
530065
In base 9, what is 42 - -2208?
2251
In base 9, what is 21737881 - 1?
21737880
In base 13, what is 144 - 58a?
-446
In base 16, what is 93b + -3?
938
In base 6, what is -2414 - -12545?
10131
In base 7, what is -13 - -1464?
1451
In base 15, what is 872 - 266?
60b
In base 12, what is -13 - -852?
83b
In base 14, what is 387b65 - 0?
387b65
In base 12, what is -336103 - -4?
-3360bb
In base 13, what is -a31 + 12?
-a1c
In base 13, what is 1c + -4bc?
-4a0
In base 9, what is 7035 - 14?
7021
In base 9, what is -22 + 18610?
18577
In base 2, what is -1 + 11011001110000?
11011001101111
In base 2, what is -11100010001011001 - 101?
-11100010001011110
In base 15, what is 2 + -10086?
-10084
In base 16, what is -b8 + 357?
29f
In base 6, what is -150 - 22?
-212
In base 2, what is 0 + -100111101010?
-100111101010
In base 7, what is 5 + 40025?
40033
In base 14, what is -29a2bb - -5?
-29a2b6
In base 6, what is -1414325 + 25?
-1414300
In base 12, what is 8515 + -3?
8512
In base 16, what is 3 + f096?
f099
In base 7, what is 510 - 64325?
-63515
In base 13, what is 19b976 - 0?
19b976
In base 2, what is 11 + -1101100011010100000?
-1101100011010011101
In base 2, what is -10100101000 + 10010?
-10100010110
In base 13, what is -287b - -aa?
-27a1
In base 14, what is -9a + c7b?
bc1
In base 8, what is 5 + -1603503?
-1603476
In base 5, what is 30 + -331123?
-331043
In base 7, what is 3 - 641620?
-641614
In base 9, what is -436 - -15?
-421
In base 16, what is 1025b + -2?
10259
In base 7, what is 6 - -412346?
412355
In base 7, what is 164531 + 6?
164540
In base 2, what is 1 - -101010001001011?
101010001001100
In base 6, what is -34533 + -32?
-35005
In base 9, what is 23 + 8165?
8188
In base 11, what is -8136 + -198?
-8323
In base 12, what is 2 + 136?
138
In base 8, what is -461 - -34436?
33755
In base 16, what is -5 - -3a5?
3a0
In base 10, what is 5 + -229388?
-229383
In base 14, what is -18520 - 4?
-18524
In base 7, what is -52 - 43134?
-43216
In base 10, what is 33 - 3067?
-3034
In base 10, what is -11 - -417?
406
In base 8, what is -7046 + 3?
-7043
In base 5, what is -22013 - 1422?
-23440
In base 2, what is 11100010001100011 - 101?
11100010001011110
In base 15, what is -4 - 19eb6?
-19eba
In base 4, what is -10001 - 20?
-10021
In base 8, what is -1 + 12433?
12432
In base 7, what is -111 + -11154?
-11265
In base 7, what is -3 - -2341643?
2341640
In base 3, what is 1202020100 + -1?
1202020022
In base 12, what is -4821 + 1?
-4820
In base 16, what is -2dc7df + 3?
-2dc7dc
In base 10, what is 179 + -1404?
-1225
In base 15, what is 3282c - 1?
3282b
In base 11, what is -645 + -24?
-669
In base 6, what is -111022325 - 2?
-111022331
In base 3, what is -112022202 + 12?
-112022120
In base 5, what is 1224103 + -1?
1224102
In base 13, what is -21 - 28696?
-286b7
In base 12, what is 19b7 - 5?
19b2
In base 15, what is 408e3 - -2?
408e5
In base 13, what is -21a4b - 2?
-21a50
In base 7, what is 12554 + 13?
12600
In base 2, what is 1000 - 10001010111110?
-10001010110110
In base 10, what is 5044 + 177?
5221
In base 15, what is -586 - 0?
-586
In base 2, what is -10100011100 - 1000001?
-10101011101
In base 7, what is -1 + -360?
-361
In base 5, what is -132241 - -14?
-132222
In base 11, what is 29a4 - 27?
2978
In base 8, what is -134 + -66743?
-67077
In base 2, what is 11011 - -101010011110?
101010111001
In base 4, what is 331132013 - 2?
331132011
In base 7, what is 23 + 21416?
21442
In base 5, what is 14144 - -1040?
20234
In base 4, what is -23220303 - 10?
-23220313
In base 10, what is 76849 - -4?
76853
In base 5, what is -1 - 214204110?
-214204111
In base 15, what is -94 - 884e?
-88e3
In base 13, what is -2b7930 + -6?
-2b7936
In base 14, what is 2 - -a8c5?
a8c7
In base 2, what is -1 - -1011001000100100?
1011001000100011
In base 3, what is -1022 - 2021010?
-2022102
In base 8, what is -31356 - -4?
-31352
In base 3, what is 201001 - -2002?
210010
In base 6, what is 1155352 + 40?
1155432
In base 16, what is -f6 + -1b?
-111
In base 2, what is -1010011 - -10111?
-111100
In base 5, what is 102 - -220302?
220404
In base 5, what is -142412 + 13?
-142344
In base 14, what is -1 + 35b1?
35b0
In base 10, what is -557906 + 1?
-557905
In base 13, what is 19 + 15b7?
1603
In base 13, what is 376 - 194?
1b2
In base 12, what is -17350 - -a?
-17342
In base 9, what is 4 + 17880?
17884
In base 16, what is 191c + 5?
1921
In base 16, what is -19 + -3e1?
-3fa
In base 7, what is -2 + -16144?
-16146
In base 16, what is d - -1f06?
1f13
In base 5, what is -401410 - 2?
-401412
In base 8, what is 1 - -1477353?
1477354
In base 6, what is -13324 + 432?
-12452
In base 14, what is -69a + -a8?
-764
In base 12, what is 38b0 + 17?
3907
In base 16, what is 6 - -4fd5e?
4fd64
In base 7, what is -5 - 505000?
-505005
In base 10, what is -3215 + 72?
-3143
In base 3, what is -11021 - 1021112111?
-1021200202
In base 15, what is -10cc98 + 1?
-10cc97
In base 5, what is -40433 - -34?
-40344
In base 12, what is 4 + -82a9?
-82a5
In base 4, what is -23 + -2221032?
-2221121
In base 15, what is 6dc9b + 3?
6dc9e
In base 13, what is 0 - 4316?
-4316
In base 5, what is 2013 + 111?
2124
In base 15, what is 4 - -570c?
5711
In base 6, what is -5 - -454251?
454242
In base 16, what is -36c59 - -1?
-36c58
In base 12, what is 2b061 - -19?
2b07a
In base 16, what is -4 + 6de7?
6de3
In base 2, what is -1 + -100010101011100001?
-100010101011100010
In base 11, what is 694a71 + -2?
694a6a
In base 4, what is -33102112 - -312?
-33101200
In base 6, what is 20 - 305143?
-305123
In base 7, what is -156 - -15253?
15064
In base 6, what is 34 + 24301?
24335
In base 11, what is -3485 + 2a?
-3456
In base 12, what is -554549 + -3?
-554550
In base 13, what is -26 + 24b?
225
In base 5, what is -3 + 3233222?
3233214
In base 10, what is -4 + 13553?
13549
In base 12, what is 33a8 - 1?
33a7
In base 2, what is -1101111 + -1111001011101?
-1111011001100
In base 4, what is 112301 + 101?
113002
In base 8, what is 51 + -131?
-60
In base 14, what is -113 + 137?
24
In base 2, what is -1001 - -11100100001?
11100011000
In base 9, what is 0 - -140404?
140404
In base 3, what is 21102012122 - -10?
21102012202
In base 15, what is 4aac9b + 1?
4aac9c
In base 7, what is -4 - 4453?
-4460
In base 14, what is -3617 + 13?
-3604
In base 14, what is -77d - 4b0?
-c